*f - 8. Let k be v(5). Let u = 152 + k. Suppose 13*w - u = 62. What are the prime factors of w?
2, 3
Let v be 36/4*(-51)/(-9). Suppose 0 = 4*u - 9*u - 25, 5*u = 5*r - 760. Let s = r + v. What are the prime factors of s?
2, 3, 11
Let d = 481 + -278. Suppose -35 = -f + d. Let q = f + -42. List the prime factors of q.
2, 7
Suppose 2*k + 2104 = w, -3*k = -7 + 1. List the prime factors of w.
2, 17, 31
Let d(g) = -g**3 + 9*g**2 + 27*g - 16. Let w be d(11). Let r = w + -38. What are the prime factors of (r - 4)*204/(-12)?
3, 17
Suppose 8*u = 9*u + 693. What are the prime factors of (-6 + 3 + -9)*u/28?
3, 11
Suppose -3*g + 4*u = -970, -3*g - u = u - 1000. Suppose -5*c + 20 = 5*p, 2 = c - 0. Suppose -g = -4*h + p*h. List the prime factors of h.
3, 5, 11
Let r(n) = -2. Let i(l) = -l**2 + 3*l + 5. Let w(z) = -2*i(z) - 2*r(z). Let m be w(4). Suppose -5*c - m*c = -434. What are the prime factors of c?
2, 31
List the prime factors of -40*(-2)/8 + 7149.
7159
Let r = 79311 - 41568. List the prime factors of r.
3, 23, 547
Let t = 1551 + -418. Let o = t + -635. List the prime factors of o.
2, 3, 83
Let t(b) = 10 - 98*b + 16 + 0 + 37 - 6. List the prime factors of t(-3).
3, 13
Let s = -26 - -12. Let i be 21/s - 54/4. List the prime factors of (-1)/((i/9)/(-5)) - -70.
67
Let o(f) be the first derivative of 23*f**2 + 268*f - 225. List the prime factors of o(21).
2, 617
Let f(s) = 605*s**2 + s + 590. What are the prime factors of f(-9)?
2, 24793
Let a(g) = 460*g - 1358. List the prime factors of a(14).
2, 3, 7, 11
Suppose 207*w = 73*w + 189744. What are the prime factors of w?
2, 3, 59
Let v be (-4)/(-6) + (-320)/(-60). Let c(x) = 67*x + 70. List the prime factors of c(v).
2, 59
Suppose 122 = w + 2*g - 0, 0 = 3*w - 5*g - 344. Suppose -k + 0*k + 5*i = -100, -k - 4*i = -w. What are the prime factors of k?
2, 5, 11
Suppose -18*l = -112*l + 958706. List the prime factors of l.
7, 31, 47
Let v = 25418 + -8864. What are the prime factors of v?
2, 3, 31, 89
Let x = 3 + 0. Suppose x*h - 4*h = -873. Suppose -11*g = -2*g - h. What are the prime factors of g?
97
Suppose -17085 = 6*p - 78063 - 33270. List the prime factors of p.
2, 3, 7, 11, 17
Suppose -172 = -l + 5*n, -6*l = -3*l + 3*n - 444. Let s = 251 - l. What are the prime factors of s?
3, 11
Let g(i) = i**3 + 11*i**2 - 11*i + 15. Let b be g(-12). Suppose -v - 21 = b*l + 20, -5*l + 249 = -4*v. List the prime factors of (-4 - v) + 0 + -1.
3, 17
Let k(o) = -2*o + 40. Let h be k(15). Let r(m) = 3*m**2 - 18*m + 110. What are the prime factors of r(h)?
2, 5, 23
Suppose 4*q + 1 = 3*q + 3*r, -5*q = -4*r - 17. Suppose 4*h - 13 = g, 2*h = q*g - h + 48. Let m(z) = 3*z**2 + 12*z + 6. What are the prime factors of m(g)?
3, 47
Suppose -9*o = 2883 - 15402. Let t = o - 574. What are the prime factors of t?
19, 43
Let j(x) = -5*x**3 - 8*x**2 - 2*x + 6. Let t = 46 + -44. Suppose 4*w + 6 = t*w. What are the prime factors of j(w)?
3, 5
Let q(g) = 6*g**2 + 27*g + 12804. List the prime factors of q(0).
2, 3, 11, 97
Suppose 0 = -0*x + 4*x - 648. Let b(c) = 2*c - 12. Let m be b(6). Suppose -20 = -4*w, m = 4*v - 4*w - 466 - x. List the prime factors of v.
2, 3
Let w be (0 - 15 - -3)*-1. Let b be 3/2*(-9)/((-72)/16). Suppose w = -b*m, 4*v + 2*m - 528 = -3*m. What are the prime factors of v?
137
Let v = 259 - 256. Let h(f) = -f**2 + 7*f + 6. Let t be h(6). Suppose -w + t = v. What are the prime factors of w?
3
Let m = -430 - -430. Suppose -24*i + 7*i + 8211 = m. List the prime factors of i.
3, 7, 23
Let j(z) = 3*z**3 - 4*z**2 + 3. Let x be j(1). Suppose r - 5*l - 741 - 30 = 0, -4*r + x*l = -3012. List the prime factors of r.
751
Suppose 3 = 2*h + 9, -3*h + 2731 = 2*a. Suppose -197*d + 195*d = -a. List the prime factors of d.
5, 137
Let f(g) be the second derivative of g**3/3 - g**2 - 15*g. Let m be f(3). Suppose -m*z + 12 = 0, -4*h + 590 = -z + 41. What are the prime factors of h?
2, 3, 23
Let x(l) = 14*l + 23. Let o = 200 - 124. Suppose a - o = -62. List the prime factors of x(a).
3, 73
Suppose 14*h - 45278 - 16070 = 0. What are the prime factors of h?
2, 7, 313
Let q(b) = 2*b**3 + 9*b**2 - b + 9. Let k be q(-4). Suppose -k*v + 2716 = -25*v. List the prime factors of v.
7, 97
Let o(a) = 16*a + 50*a**2 - a - 8*a - 6*a. Let t be o(1). Suppose -t*c = -49*c - 318. What are the prime factors of c?
3, 53
Let b be (1 - 6)/((7/6)/7). Let r be (-24)/b + (-258)/(-15). Suppose f - 226 = 3*q - r, 3*q = 5*f - 980. List the prime factors of f.
193
Suppose -4*z = -12*z + 11048. Let a = z + -557. Suppose 0 = 3*m - 3*t - a + 269, -3*t + 761 = 4*m. List the prime factors of m.
2, 47
Suppose -1011 = 12*p - 7167. Let d = p + -299. List the prime factors of d.
2, 107
Let p(x) = -5*x + 1. Let r(w) = -w - 2. Let v be r(-2). Suppose 3*s - 3*h + 12 = v, -14 = 5*s - s - 5*h. List the prime factors of p(s).
31
Let z be -2*((-120)/1)/3. Let v be (4 - 1/6*28)*-15. Let w = v + z. List the prime factors of w.
2, 3, 5
Suppose -a + 0*a + 12 = 4*p, 4*a - 2*p = -6. Suppose 7*h - 6*h - 579 = 5*f, a = h + 5*f - 589. What are the prime factors of h?
2, 73
Let a = 19762 - -2817. What are the prime factors of a?
67, 337
What are the prime factors of (-3 - (22/55 + -1))/(4/(-1630))?
2, 3, 163
Let j(n) = n**3 - 12*n**2 + 18*n - 11. Let y(z) = 6*z**3 - 4*z**2 - z + 3. Let i be y(-2). Let a = -47 - i. What are the prime factors of j(a)?
5, 41
Suppose c = -3*h - 2, -8*h = -11*h. Let p(k) = -14*k - 8. Let l(d) = 13*d + 7. Let g(q) = -6*l(q) - 5*p(q). What are the prime factors of g(c)?
2, 7
Let o be -7 + 58 + (-2 - -6). Suppose -o = 3*t - 367. What are the prime factors of t?
2, 13
Suppose 103845 = 14113*b - 14106*b. What are the prime factors of b?
3, 5, 23, 43
Suppose 26*r = 93*r - 36*r - 332692. List the prime factors of r.
2, 2683
Let y(t) = t**3 + 9*t**2 + t - 3. Let n be 2/((-35)/30*3 + 4). What are the prime factors of y(n)?
11, 19
Let s(u) = -60*u + 6840. List the prime factors of s(-29).
2, 3, 5, 11, 13
Let t(q) = 5*q**2 - 166*q + 4616. List the prime factors of t(97).
3, 439
List the prime factors of 3580/70*(-161)/(-4)*10.
5, 23, 179
Let j(x) = x**3 - 36*x**2 + 38*x - 26. Suppose -3*n + 2*h + 99 = 0, 0*n + 5*h - 190 = -5*n. What are the prime factors of j(n)?
79
Let o be 2*(1 - 4)*-1. Suppose -2*x - 67 = -k, -o*k = -7*k - 2*x + 75. What are the prime factors of k?
71
Suppose 0 = -4*u - 5*c + 148, 0 = 2*u + 6*c - c - 74. Suppose -u*r - 3936 = -41*r. Suppose 4*n - 16*n = -r. List the prime factors of n.
2, 41
What are the prime factors of ((-46)/4*9)/((-377)/35438)?
3, 23, 47
Let c(p) = -187*p - 7. Let h(y) = 2*y**2 + 2*y - 2. Let j be h(0). List the prime factors of c(j).
367
Let n(h) be the first derivative of h**4/4 - h**2/2 + 220*h - 11. Let s be n(0). Suppose -14*t + s = -3*t. List the prime factors of t.
2, 5
Let l = 1269 + -1886. Let z = -395 - l. Let u = z + -18. What are the prime factors of u?
2, 3, 17
Let w be (-56)/(-420) + 7886/30. Let k = -164 + w. List the prime factors of k.
3, 11
Let h(u) = 635*u**2 - 70*u + 7. What are the prime factors of h(8)?
40087
Suppose 0 = t + 4*r + 3 - 25, -5*t + 4*r + 134 = 0. Suppose t*z - 883 = 911. What are the prime factors of z?
3, 23
Let i(w) = -19*w - 54. Let b(k) = -17*k - 53. Let y(h) = 3*b(h) - 4*i(h). Let q be y(20). Let l = -353 + q. List the prime factors of l.
2, 3, 17
Suppose -6*l + 54 = -0*l. Suppose 0*y = -4*y + 4*f + 8, 4*y - l = 3*f. Suppose -y*p = 4*p - 588. List the prime factors of p.
2, 3, 7
Suppose 4*o + 32 = -3*t, 17 = -5*o - 2*t - 23. List the prime factors of o/2 + 7 - -1019.
2, 7, 73
Let r = 37 - 37. Suppose r = -4*m - 26 + 2. Let n(f) = 2*f**2 + 11*f + 1. List the prime factors of n(m).
7
Suppose -4973 = -h - 3*y, 13*h - 10*h - 4*y = 14867. What are the prime factors of h?
11, 41
Let o = 11350 - -28599. What are the prime factors of o?
7, 13, 439
Suppose -209140 = -8*p + 122300. What are the prime factors of p?
2, 3, 5, 1381
Let g(w) = -27*w + 40 + 35 + 29*w - 83*w. Let b be g(28). What are the prime factors of b/(-17) - ((-2)/(-2))/1?
2
Let n(c) = 15174*c**3 + 17*c**2 + 18*c - 19. What are the prime factors of n(1)?
2, 5, 7, 31
Let p = 17 - -1. Let l = 15 - p. List the prime factors of (-1243)/(-22) - l/2.
2, 29
Suppose -14191 = -4*h + 3*m, 10647 = 3*h + m - 2*m. What are the prime factors of h?
2, 5, 71